 -n + v = 2*i + 3*i. What is the units digit of i?
4
Suppose g + 20 = 2*g. Suppose -4*a = 4*m - g, 2*a - 4*a = m - 14. What is the units digit of a?
9
Suppose 5*p = -7*p + 3072. What is the units digit of p?
6
Suppose 16*g = 19647 + 6993. What is the thousands digit of g?
1
Let k be ((-16)/(-20))/((-1)/20). Let a = 32 + k. What is the units digit of a?
6
Let r(m) = -36*m - 44. Let w(d) = -7*d - 9. Let g(q) = 4*q**3 - q**2 - 3*q - 1. Let b be g(-1). Let h(z) = b*r(z) + 16*w(z). What is the units digit of h(-10)?
8
Suppose 0 = -k - 5*k - 156. Let w = k + 46. What is the tens digit of w?
2
Let c = -376 - -1268. What is the hundreds digit of c?
8
Suppose -7*y = 63*y - 49980. What is the tens digit of y?
1
Suppose -f + 2*z - 5*z = -42, 3*f - 3*z = 138. Let v = 110 - f. What is the units digit of v?
5
Let l be (-4)/(-2)*15/10. Suppose -244 = l*p + p. Let c = p + 90. What is the tens digit of c?
2
Suppose -4*n + 6*n = -l + 1310, 0 = 4*n. What is the hundreds digit of l?
3
Suppose 11*t - l - 1514 = 9*t, 3*l - 1506 = -2*t. What is the units digit of t?
6
Let b(t) = -14*t. Let u(m) = m + 9. Let w(n) = n**3 + 4*n**2 + 4*n + 6. Let c be w(-4). Let i be u(c). What is the tens digit of b(i)?
1
Suppose -8 = -4*o + 12, 2*o - 52 = -3*w. Suppose 2*k = -2*g + 34, 2*g = 4*k + 64 - 18. Let z = w + g. What is the tens digit of z?
3
Let z(p) = 7*p**2 + p - 8. Suppose -7*k = 41 - 13. What is the tens digit of z(k)?
0
Let s be ((-2)/(-3))/(10/225). Suppose 0 = -5*b + 10, w - s = -4*b + 4. Suppose -16*t + w*t = -70. What is the tens digit of t?
1
Suppose -3*n + 13 + 35 = 0. Let a = n + 22. What is the tens digit of a?
3
Let r(d) = -d**2 + 2*d + 15. Let a be r(5). Suppose 0*v - v + m - 6 = a, -5*v = 2*m + 2. What is the units digit of v/2 - (-98)/2?
8
What is the hundreds digit of ((-292)/5)/(387/45 + -9)?
1
Let l = -9 - -9. What is the hundreds digit of 4 - (l + 1) - (-184 + -15)?
2
Let h(o) = 4*o**2 - 5*o - 5. Let m be -1*1/(-3)*72/4. What is the units digit of h(m)?
9
Let c = -1065 + 1840. What is the units digit of c?
5
Suppose -5*m - 2312 = 48. Let b = -302 - m. What is the tens digit of b?
7
Let z = -8 + 8. Suppose 4*r - 66 = i, z*i + r = 2*i + 139. Let x = -36 - i. What is the tens digit of x?
3
Let z = -30 + 23. What is the units digit of (z + 19)*(-50)/(-8)?
5
Let u = -30 + 34. Suppose h - 80 = -u*v, h = -0 + 4. What is the tens digit of v?
1
What is the tens digit of (-6)/(-12) + (-58962)/(-12) - 3?
1
Let w = 388 - 72. What is the units digit of w?
6
Suppose i - 4172 = -4*y, 4*y = 4*i - 5679 - 10969. What is the hundreds digit of i?
1
Let b(o) = 2*o**2 - 26*o - 54. What is the tens digit of b(-11)?
7
Let u(y) = -y**3 + 24*y**2 - 40*y + 17. What is the units digit of u(14)?
7
Let g = 48 - 42. Let b(r) = -r**2 + 10*r - 7. What is the tens digit of b(g)?
1
Let z = 12 + -6. Let h be 16/(-10)*15/z. What is the tens digit of 1*24 + (-1 - h)?
2
Let w = -34 + 138. What is the tens digit of w?
0
Let j(g) = g**2 - 6*g + 12. Let f be j(-10). Suppose -2*x + f = 3*y - 3*x, 2*x + 49 = y. What is the units digit of y?
9
Let r be (-7)/35 - 36/(-5). Let x = -4 - 2. Let v = r - x. What is the units digit of v?
3
Let n = 126 + -31. Suppose 13 = -r + n. Let a = -57 + r. What is the tens digit of a?
2
Suppose 12*r - 10*r - 903 = -a, -2*a = -r - 1786. What is the hundreds digit of a?
8
Suppose 0 = 11*r - 15*r + 8. Suppose 2 = -4*g - r. What is the units digit of 111/6*(-2)/g?
7
Let z be (-11)/(-33) + 130/6. Let b = z + -12. Let h = 12 - b. What is the units digit of h?
2
Suppose -30 = 2*s - 0*s. Let d = -13 - s. Suppose -v = -3 - d. What is the units digit of v?
5
Let m = -6314 - -9368. What is the hundreds digit of m?
0
What is the hundreds digit of 7 - -680 - 2/2?
6
Let h = -15 - -20. Let l(i) = 2*i**2 - i. Let u be l(-1). Suppose 3*p - 37 - 90 = h*y, u*y - 47 = -p. What is the units digit of p?
4
Suppose -2*s - 212 - 2090 = -k, -3*k + 2*s = -6914. Suppose -10*w + k = 726. What is the units digit of w?
8
Let i(l) = 2*l - 7. Let t be i(6). Suppose t*p - 107 = -2*y, 4*y - 295 = p - 26. Let w = y + -17. What is the units digit of w?
9
Suppose 4*h - 2*q - 126 = 0, h - 5*q - 170 = -4*h. Suppose 0 = n - h + 25. Suppose t - 3*m = 21, -n*t - 5*m = -9*t + 125. What is the units digit of t?
7
Let a = 25 + -60. Suppose 0 = h + 3*h + 12. Let x = h - a. What is the units digit of x?
2
Let v(y) = y**2 + 13*y - 4. Let w be v(-16). What is the tens digit of -3 + -1 + 4 + w?
4
Suppose 3*u = 28 + 26. Suppose -67 + u = -t. What is the tens digit of t?
4
Suppose 4*r - 4*o - 1 = 23, -r = 2*o. Suppose 5*v = -3*k + 515, -r*k + 2*v = -k - 487. What is the tens digit of k?
6
Let r(u) = u**2 - 9. Suppose 2*o + 21 - 13 = 0. What is the units digit of r(o)?
7
Let h(o) be the second derivative of o**5/60 - 2*o**3/3 + 3*o**2/2 + 8*o. Let f(p) be the first derivative of h(p). What is the units digit of f(4)?
2
Suppose 0 = 3*p + 5*s + 22, 3*s = p + s + 11. Let b = 16 + p. Suppose 86 = 4*r + 2*x - b*x, -2*r + 3*x = -42. What is the units digit of r?
4
Let m = 132 - 137. What is the tens digit of 6034/35 + 1 + 2/m?
7
Let a be -20*((-10)/(-4))/(-1). Suppose 8*i + a = 9*i. What is the tens digit of i?
5
Suppose 3*p + 25 - 262 = 0. Let o = p - 51. What is the units digit of o?
8
Let t be 5 - -1*(2 + -3). What is the tens digit of 4 + -5 + t + 141 + 1?
4
Let w be (-58)/(-3) + 7*(-16)/336. Let k = 31 - 18. Suppose 0 = -j + 3*p + w + k, 4*j + 2*p = 100. What is the units digit of j?
6
Let h(l) = -2*l**3 + 2*l**2 - 3*l + 4. Let u(s) = -s + 13. Let t be u(11). Let m be h(t). Let n = m - -29. What is the units digit of n?
9
What is the tens digit of -347*((-18)/12 - (-2)/(-4))?
9
Suppose -4*z - 2540 = 3*y, 0 = 6*y - 11*y + 4*z - 4180. What is the hundreds digit of ((-3)/2)/(9/y)?
1
Let w = -25 + 27. Suppose 6*b = w*b + 424. What is the tens digit of b?
0
Let r = 557 - -81. What is the tens digit of r?
3
Suppose t - 309 = 4*w, 3*t + 1 = 4. Let l = 36 + w. What is the units digit of (-3 - -2)*4 - l?
7
Let j be 10/5 - 1*-2. Suppose a = j*a + 129. Let h = a - -79. What is the tens digit of h?
3
Suppose 0 = -2*s + 2*z - 40, 5*s + z = s - 90. Let r(v) = 5*v - 43. Let a be r(8). Let c = a - s. What is the tens digit of c?
1
Suppose -5*s + 4*s + 755 = 0. What is the tens digit of s?
5
Let h be (-318)/(-1) - -2*(1 - 0). Suppose -13*z + 17*z = h. What is the tens digit of z?
8
Let q = -130 + 500. What is the tens digit of q?
7
Let k = 2730 - 1095. Suppose -2*q = 4*u + k - 5273, 3*u - 5*q - 2735 = 0. What is the units digit of (-2)/9 + u/45?
0
Let u(j) = 4*j + 1. Let c(i) = -5*i - 2. Let a(n) = 6*c(n) + 7*u(n). What is the units digit of a(-3)?
1
Let y = -14 - -5. Let j be 4/3*y/(-6). Suppose -k + 3 - j = 0. What is the units digit of k?
1
Suppose -3*r + 2*r = 4*g + 48, -2*g = -4*r + 6. What is the units digit of (-1 - -1) + (-3 - (g + -1))?
9
Suppose 3 = -12*g + 13*g. Suppose -6*c + 15 = -c, -g*k = 2*c - 192. What is the units digit of k?
2
Let m = 811 - -5. What is the hundreds digit of m?
8
Suppose 25*w = 27*w - 1184. What is the units digit of w?
2
Suppose -5*j + 0*t - 5 = 5*t, 0 = -4*j + 3*t + 17. Suppose j*b - 2*s = 44, 82 = b + 3*b - s. Let r = b - -4. What is the tens digit of r?
2
Suppose 5*j = -25*w + 24*w + 6418, 5*j - 2*w = 6424. What is the hundreds digit of j?
2
Let i be (4 - (-27)/(-12)) + 1/4. Let n(a) = 75*a - 9. What is the units digit of n(i)?
1
Let f = -31 - -34. What is the tens digit of 5/(-5) - (-87)/f?
2
Suppose 3*u - 2*b = 26, 0*u - 6 = -u + 2*b. Suppose 3*n - 73 = -4*r, -2 = 2*r - u. Let d = 59 - n. What is the tens digit of d?
4
Suppose 20*f - 7*f = 7384. What is the tens digit of f?
6
Let p be 5/2*(-1080)/100. What is the units digit of p/18*8/6 + 283?
1
Let o(c) = c - 2. Suppose 3*t = 7*t - 12. Suppose 1 + 7 = t*z + 5*n, -2*z - n + 10 = 0. What is the units digit of o(z)?
4
Let a = 72 - 32. Let g = 196 - 214. Let x = a + g. What is the units digit of x?
2
Let l(f) = f**3 - 15*f**2 + 9*f + 26. What is the units digit of l(17)?
7
Let x = -2126 + 5525. What is the thousands digit of x?
3
Let h = -181 - -320. Suppose 5*b + h = 3*x, -176 = -4*x - 2*b + 4*b. What is the tens digit of x?
4
Let o be 3 + (1 - (1 - 0)). Let k(x) = -x**2 - o*x + 1 + 2 - 2 + 3*x**2. What is the tens digit of k(-3)?
2
Let j be (